f 7140052?
2, 47, 163, 233
List the prime factors of 16974066.
2, 3, 2829011
What are the prime factors of 454326?
2, 3, 75721
List the prime factors of 1156761.
3, 14281
List the prime factors of 17165068.
2, 4291267
List the prime factors of 1207653.
3, 402551
What are the prime factors of 704980?
2, 5, 101, 349
What are the prime factors of 4144006?
2, 2072003
List the prime factors of 77919.
3, 19, 1367
What are the prime factors of 6771510?
2, 3, 5, 75239
List the prime factors of 7794155.
5, 1558831
List the prime factors of 634209.
3, 211403
What are the prime factors of 97522?
2, 48761
List the prime factors of 1536009.
3, 23, 113, 197
What are the prime factors of 908043?
3, 302681
What are the prime factors of 273630?
2, 3, 5, 7, 1303
What are the prime factors of 639789?
3, 213263
List the prime factors of 8030958.
2, 3, 13, 19, 5419
What are the prime factors of 23351517?
3, 7, 123553
What are the prime factors of 1104753?
3, 13, 2179
What are the prime factors of 428390?
2, 5, 42839
What are the prime factors of 222961?
59, 3779
List the prime factors of 59929.
59929
What are the prime factors of 878082?
2, 3, 146347
What are the prime factors of 98824?
2, 11, 1123
What are the prime factors of 150147?
3, 67, 83
What are the prime factors of 20835633?
3, 7, 13, 10903
What are the prime factors of 3545517?
3, 1181839
What are the prime factors of 628196?
2, 157049
List the prime factors of 840114.
2, 3, 11, 4243
What are the prime factors of 2451121?
73, 33577
List the prime factors of 8443600.
2, 5, 11, 19, 101
What are the prime factors of 25296147?
3, 2810683
What are the prime factors of 175241?
11, 89, 179
What are the prime factors of 2069082?
2, 3, 71, 1619
List the prime factors of 713107.
713107
List the prime factors of 587451.
3, 195817
List the prime factors of 2375336.
2, 97, 3061
What are the prime factors of 8691472?
2, 543217
What are the prime factors of 506458?
2, 253229
What are the prime factors of 12748052?
2, 29, 109897
What are the prime factors of 96122?
2, 13, 3697
List the prime factors of 306517.
306517
What are the prime factors of 2560497?
3, 19, 29, 1549
What are the prime factors of 9897869?
43, 383, 601
List the prime factors of 10528351.
103, 102217
List the prime factors of 512301.
3, 170767
What are the prime factors of 5595805?
5, 17, 43, 1531
List the prime factors of 1057491.
3, 117499
What are the prime factors of 7729056?
2, 3, 47, 571
List the prime factors of 2818705.
5, 353, 1597
List the prime factors of 44461.
173, 257
List the prime factors of 58764.
2, 3, 59, 83
What are the prime factors of 12665867?
17, 745051
What are the prime factors of 124932?
2, 3, 29, 359
What are the prime factors of 44134?
2, 22067
List the prime factors of 4024800.
2, 3, 5, 13, 43
What are the prime factors of 138232?
2, 37, 467
List the prime factors of 206631.
3, 2551
What are the prime factors of 2175596?
2, 83, 6553
List the prime factors of 675652.
2, 168913
List the prime factors of 1762377.
3, 587459
What are the prime factors of 2825256?
2, 3, 7, 67, 251
List the prime factors of 246067.
103, 2389
List the prime factors of 3240978.
2, 3, 13, 37, 1123
What are the prime factors of 191358?
2, 3, 10631
What are the prime factors of 264570?
2, 3, 5, 8819
List the prime factors of 746918.
2, 373459
What are the prime factors of 610398?
2, 3, 33911
List the prime factors of 664372.
2, 37, 67
List the prime factors of 271737.
3, 109, 277
List the prime factors of 4040418.
2, 3, 673403
What are the prime factors of 332171?
7, 6779
List the prime factors of 106900.
2, 5, 1069
What are the prime factors of 1110742?
2, 127, 4373
What are the prime factors of 17416119?
3, 7, 257, 461
What are the prime factors of 4019477?
7, 11, 52201
List the prime factors of 52616.
2, 6577
What are the prime factors of 3470734?
2, 59, 67, 439
List the prime factors of 611898.
2, 3, 7, 17, 857
What are the prime factors of 540260?
2, 5, 7, 17, 227
What are the prime factors of 8060233?
8060233
What are the prime factors of 775187?
7, 37, 41, 73
What are the prime factors of 222737?
19, 617
List the prime factors of 7894720.
2, 5, 24671
What are the prime factors of 2067812?
2, 17, 47, 647
What are the prime factors of 1731532?
2, 11, 23, 29, 59
List the prime factors of 2872510.
2, 5, 287251
List the prime factors of 2018293.
53, 113, 337
List the prime factors of 33269804.
2, 101, 82351
List the prime factors of 10306051.
7, 1472293
What are the prime factors of 29339974?
2, 14669987
What are the prime factors of 5807646?
2, 3, 13, 8273
What are the prime factors of 2556116?
2, 59, 10831
What are the prime factors of 2023657?
881, 2297
What are the prime factors of 1364583?
3, 11, 41351
What are the prime factors of 51449?
51449
List the prime factors of 123232.
2, 3851
What are the prime factors of 686460?
2, 3, 5, 17, 673
What are the prime factors of 2136474?
2, 3, 19, 6247
List the prime factors of 17513146.
2, 7, 1250939
List the prime factors of 1112201.
1112201
List the prime factors of 8480.
2, 5, 53
What are the prime factors of 3984606?
2, 3, 113, 653
List the prime factors of 495707.
495707
List the prime factors of 1981090.
2, 5, 198109
What are the prime factors of 2568403?
2568403
List the prime factors of 3039652.
2, 7, 11, 71, 139
List the prime factors of 16667317.
16667317
List the prime factors of 454885.
5, 90977
List the prime factors of 2012639.
2012639
What are the prime factors of 1139764?
2, 107, 2663
List the prime factors of 12946120.
2, 5, 11, 29423
What are the prime factors of 444726?
2, 3, 31, 797
List the prime factors of 1850863.
7, 41, 6449
List the prime factors of 912119.
13, 70163
List the prime factors of 3086238.
2, 3, 29, 17737
What are the prime factors of 19277760?
2, 3, 5, 43, 467
What are the prime factors of 16901457?
3, 271, 20789
What are the prime factors of 17775870?
2, 3, 5, 7, 47, 1801
What are the prime factors of 604614?
2, 3, 100769
What are the prime factors of 3274198?
2, 173, 9463
What are the prime factors of 528237?
3, 58693
List the prime factors of 463242.
2, 3, 13, 5939
List the prime factors of 7110149.
59, 120511
List the prime factors of 137716.
2, 34429
What are the prime factors of 28496?
2, 13, 137
List the prime factors of 353070.
2, 3, 5, 3923
List the prime factors of 9572249.
9572249
List the prime factors of 13984530.
2, 3, 5, 7, 66593
What are the prime factors of 21054772?
2, 17, 309629
What are the prime factors of 1137414?
2, 3, 163, 1163
What are the prime factors of 12694300?
2, 5, 126943
What are the prime factors of 13531586?
2, 191, 35423
List the prime factors of 10795732.
2, 2698933
List the prime factors of 17183610.
2, 3, 5, 31, 2053
What are the prime factors of 59316?
2, 3, 4943
What are the prime factors of 13774497?
3, 11, 71, 5879
What are the prime factors of 963045?
3, 5, 21401
What are the prime factors of 996735?
3, 5, 66449
What are the prime factors of 28575573?
3, 13, 257, 2851
What are the prime factors of 17383354?
2, 23, 29, 83, 157
What are the prime factors of 49228?
2, 31, 397
What are the prime factors of 3548614?
2, 17, 29, 59, 61
What are the prime factors of 336126?
2, 3, 7, 53, 151
What are the prime factors of 113282?
2, 13, 4357
List the prime factors of 1071298.
2, 31, 37, 467
List the prime factors of 9344895.
3, 5, 7, 61, 1459
What are the prime factors of 10061767?
61, 281, 587
What are the prime factors of 4988984?
2, 7, 11, 13, 89
What are the prime factors of 12480249?
3, 313, 13291
What are the prime factors of 770875?
5, 7, 881
List the prime factors of 4468212.
2, 3, 7, 17, 149
What are the prime factors of 1563507?
3, 11, 17, 929
List the prime factors of 1765653.
3, 409, 1439
What are the prime factors of 384093?
3, 42677
What are the prime factors of 824885?
5, 19, 457
List the prime factors of 551414.
2, 59, 4673
What are the prime factors of 271010?
2, 5, 41, 661
What are the prime factors of 2124187?
13, 53, 3083
What are the prime factors of 615855?
3, 5, 41057
List the prime factors of 15564.
2, 3, 1297
What are the prime factors of 247528?
2, 30941
What are the prime factors of 7428830?
2, 5, 17, 89, 491
List the prime factors of 3270798.
2, 3, 181711
What are the prime factors of 428148?
2, 3,